{"id":2,"date":"2017-04-02T12:17:02","date_gmt":"2017-04-02T12:17:02","guid":{"rendered":"http:\/\/sprenger-bds.de\/?page_id=2"},"modified":"2017-05-23T14:46:10","modified_gmt":"2017-05-23T14:46:10","slug":"sample-page","status":"publish","type":"page","link":"https:\/\/sprenger-bds.de\/","title":{"rendered":"Startseite"},"content":{"rendered":"<p>Herzlich willkommen auf meiner Website!<\/p>\n<p>Sie werden hier alles Wissenswerte rund um mein Angebot und meine Person finden. Wenn Sie weitere Informationen ben\u00f6tigen, so stehe ich Ihnen gerne zur Verf\u00fcgung. Im Men\u00fcpunkt &#8222;Impressum&#8220; finden Sie alle notwendigen Daten.<\/p>\n<p>Herzliche Gr\u00fc\u00dfe,<\/p>\n<p>Volker Sprenger<\/p>\n","protected":false},"excerpt":{"rendered":"<p>Herzlich willkommen auf meiner Website! Sie werden hier alles Wissenswerte rund um mein Angebot und meine Person finden. Wenn Sie weitere Informationen ben\u00f6tigen, so stehe ich Ihnen gerne zur Verf\u00fcgung. Im Men\u00fcpunkt &#8222;Impressum&#8220; finden Sie alle notwendigen Daten. Herzliche Gr\u00fc\u00dfe, Volker Sprenger<\/p>\n<p> <a class=\"continue-reading-link\" href=\"https:\/\/sprenger-bds.de\/\"><span>Continue reading<\/span><i class=\"crycon-right-dir\"><\/i><\/a> <\/p>\n","protected":false},"author":1,"featured_media":0,"parent":0,"menu_order":0,"comment_status":"closed","ping_status":"open","template":"","meta":[],"_links":{"self":[{"href":"https:\/\/sprenger-bds.de\/index.php?rest_route=\/wp\/v2\/pages\/2"}],"collection":[{"href":"https:\/\/sprenger-bds.de\/index.php?rest_route=\/wp\/v2\/pages"}],"about":[{"href":"https:\/\/sprenger-bds.de\/index.php?rest_route=\/wp\/v2\/types\/page"}],"author":[{"embeddable":true,"href":"https:\/\/sprenger-bds.de\/index.php?rest_route=\/wp\/v2\/users\/1"}],"replies":[{"embeddable":true,"href":"https:\/\/sprenger-bds.de\/index.php?rest_route=%2Fwp%2Fv2%2Fcomments&post=2"}],"version-history":[{"count":4,"href":"https:\/\/sprenger-bds.de\/index.php?rest_route=\/wp\/v2\/pages\/2\/revisions"}],"predecessor-version":[{"id":53,"href":"https:\/\/sprenger-bds.de\/index.php?rest_route=\/wp\/v2\/pages\/2\/revisions\/53"}],"wp:attachment":[{"href":"https:\/\/sprenger-bds.de\/index.php?rest_route=%2Fwp%2Fv2%2Fmedia&parent=2"}],"curies":[{"name":"wp","href":"https:\/\/api.w.org\/{rel}","templated":true}]}}